{"id":9,"date":"2026-02-23T12:06:02","date_gmt":"2026-02-23T12:06:02","guid":{"rendered":"http:\/\/10.4.100.247\/?page_id=9"},"modified":"2026-05-05T10:57:56","modified_gmt":"2026-05-05T10:57:56","slug":"home","status":"publish","type":"page","link":"https:\/\/hyplus-group.com\/","title":{"rendered":"Home"},"content":{"rendered":"<p><a href=\"\/en\">\/en<\/a><\/p>\n<p>\t\t\t\t\t\t\t\t\t\t\t\t\t<img loading=\"lazy\" decoding=\"async\" width=\"800\" height=\"163\" src=\"http:\/\/10.4.100.247\/wp-content\/uploads\/2026\/02\/HyPlus_rgb_neg-1024x208.png\" alt=\"\" srcset=\"http:\/\/10.4.100.247\/wp-content\/uploads\/2026\/02\/HyPlus_rgb_neg-1024x208.png 1024w, http:\/\/10.4.100.247\/wp-content\/uploads\/2026\/02\/HyPlus_rgb_neg-300x61.png 300w, http:\/\/10.4.100.247\/wp-content\/uploads\/2026\/02\/HyPlus_rgb_neg-768x156.png 768w, http:\/\/10.4.100.247\/wp-content\/uploads\/2026\/02\/HyPlus_rgb_neg-1536x312.png 1536w, http:\/\/10.4.100.247\/wp-content\/uploads\/2026\/02\/HyPlus_rgb_neg.png 2000w\" sizes=\"auto, (max-width: 800px) 100vw, 800px\" \/>\t\t\t\t\t\t\t\t\t\t\t\t\t<\/p>\n<p>Hyand wird HyPlus \u2013<br \/> mehr als ein neuer Name\u200b<\/p>\n<p style=\"font-weight: 400;\">Unsere Transformation ist erfolgreich abgeschlossen: Aus unterschiedlichen Unternehmen ist eine leistungsf\u00e4hige Gruppe entstanden, die ihre St\u00e4rken b\u00fcndelt und am Markt gemeinsam noch wirksamer agiert.<\/p>\n<p style=\"font-weight: 400;\">HyPlus wird diese neue Realit\u00e4t verk\u00f6rpern: durch eingespielte Teams, skalierbare Strukturen, fundierte Branchen- und Projekterfahrung sowie belastbare Liefermodelle. Unsere Kunden werden von h\u00f6herer Umsetzungsgeschwindigkeit, klarem Kundenfokus und verl\u00e4sslicher Delivery profitieren \u2013 selbst in komplexen Programmen.<\/p>\n<p style=\"font-weight: 400;\">Das \u201eHy\u201c steht f\u00fcr unseren technologischen Anspruch und unsere Qualit\u00e4tsorientierung, w\u00e4hrend das \u201ePlus\u201c den zus\u00e4tzlichen Mehrwert der echten Integration symbolisiert. Bestehende Partnerschaften wurden im Zuge der Transformation weiter gest\u00e4rkt, und neue Projekte starten auf einer stabilen, strukturell gefestigten Basis. Wir agieren bereits als Einheit \u2013 mit klaren Prozessen, kurzen Entscheidungswegen und einem gemeinsamen Leistungsversprechen. In naher Zukunft werden wir offiziell umbenannt.<\/p>\n<p>\t\t\t\t\t\t\t\t<a href=\"http:\/\/hyand.com\"><br \/>\n\t\t\t\t<svg aria-hidden=\"true\" viewBox=\"0 0 320 512\" xmlns=\"http:\/\/www.w3.org\/2000\/svg\"><path d=\"M285.476 272.971L91.132 467.314c-9.373 9.373-24.569 9.373-33.941 0l-22.667-22.667c-9.357-9.357-9.375-24.522-.04-33.901L188.505 256 34.484 101.255c-9.335-9.379-9.317-24.544.04-33.901l22.667-22.667c9.373-9.373 24.569-9.373 33.941 0L285.475 239.03c9.373 9.372 9.373 24.568.001 33.941z\"><\/path><\/svg><br \/>\n\t\t\t\t\t\t\t\t\tZu hyand.com<br \/>\n\t\t\t\t\t<\/a><\/p>\n<p><a href=\"http:\/\/hyand.com\/impressum\" target=\"_blank\" rel=\"noopener\">Impressum<\/a><\/p>\n<p><a href=\"https:\/\/www.hyand.com\/datenschutz\/\" target=\"_blank\" rel=\"noopener\">Datenschutz<\/a><\/p>\n","protected":false},"excerpt":{"rendered":"<p>\/en Hyand wird HyPlus \u2013 mehr als ein neuer Name\u200b Unsere Transformation ist erfolgreich abgeschlossen: Aus unterschiedlichen Unternehmen ist eine leistungsf\u00e4hige Gruppe entstanden, die ihre St\u00e4rken<span class=\"excerpt-hellip\"> [\u2026]<\/span><\/p>\n","protected":false},"author":1,"featured_media":0,"parent":0,"menu_order":0,"comment_status":"closed","ping_status":"closed","template":"","meta":{"inline_featured_image":false,"footnotes":""},"class_list":["post-9","page","type-page","status-publish","hentry"],"_links":{"self":[{"href":"https:\/\/hyplus-group.com\/index.php?rest_route=\/wp\/v2\/pages\/9","targetHints":{"allow":["GET"]}}],"collection":[{"href":"https:\/\/hyplus-group.com\/index.php?rest_route=\/wp\/v2\/pages"}],"about":[{"href":"https:\/\/hyplus-group.com\/index.php?rest_route=\/wp\/v2\/types\/page"}],"author":[{"embeddable":true,"href":"https:\/\/hyplus-group.com\/index.php?rest_route=\/wp\/v2\/users\/1"}],"replies":[{"embeddable":true,"href":"https:\/\/hyplus-group.com\/index.php?rest_route=%2Fwp%2Fv2%2Fcomments&post=9"}],"version-history":[{"count":65,"href":"https:\/\/hyplus-group.com\/index.php?rest_route=\/wp\/v2\/pages\/9\/revisions"}],"predecessor-version":[{"id":112,"href":"https:\/\/hyplus-group.com\/index.php?rest_route=\/wp\/v2\/pages\/9\/revisions\/112"}],"wp:attachment":[{"href":"https:\/\/hyplus-group.com\/index.php?rest_route=%2Fwp%2Fv2%2Fmedia&parent=9"}],"curies":[{"name":"wp","href":"https:\/\/api.w.org\/{rel}","templated":true}]}}